{"id":47,"date":"2026-04-06T06:00:46","date_gmt":"2026-04-06T06:00:46","guid":{"rendered":"https:\/\/shalonchemicalindustries.com\/?page_id=47"},"modified":"2026-04-10T03:09:25","modified_gmt":"2026-04-10T03:09:25","slug":"inicio","status":"publish","type":"page","link":"https:\/\/shalonchemicalindustries.com\/","title":{"rendered":"Inicio"},"content":{"rendered":"\n<figure class=\"wp-block-video aligncenter\"><video height=\"288\" style=\"aspect-ratio: 512 \/ 288;\" width=\"512\" autoplay controls loop muted src=\"https:\/\/shalonchemicalindustries.com\/wp-content\/uploads\/2026\/04\/Inicio-borrador-1.mp4\" playsinline><\/video><\/figure>\n\n\n\n<h2 class=\"wp-block-heading has-white-color has-text-color has-link-color wp-elements-758e4a52215e8261ac1d3c752c20b0fb\">.<\/h2>\n\n\n\n<h1 class=\"wp-block-heading has-text-align-center has-vivid-red-color has-text-color has-link-color wp-elements-ee48fe2401fdc8f922514e9cb3b12458\" style=\"font-size:46px;font-style:normal;font-weight:800\"><strong>SHALON CHEMICAL INDUSTRIES S.A.C<\/strong><\/h1>\n\n\n\n<p class=\"has-text-align-center has-black-color has-text-color has-link-color wp-elements-48f3d514e112430265fcc87340a0fb7a\">Somos una Industria Peruana, dedicada a la fabricaci\u00f3n y comercializaci\u00f3n de REFRACTARIOS SCHEMIN, Servicios T\u00e9cnicos, Mantenimiento y Construcci\u00f3n de Equipos que trabajan con altas temperaturas en la Industria.<\/p>\n\n\n\n<p class=\"has-text-align-center has-black-color has-text-color has-link-color wp-elements-1c64a24fa0c4f5e9bde742007842cfa5\">Contamos con una amplia experiencia en el Mercado, brindando Ladrillos y Masas Refractarias de alta calidad, para la industria Metal\u00fargica, Qu\u00edmica, Minera, Tratamiento T\u00e9rmico, Pesquera, Agroindustria, Alimentaci\u00f3n, Ladrillera, Cer\u00e1mica Acabados, entre otras.<\/p>\n\n\n\n<div class=\"wp-block-columns is-not-stacked-on-mobile is-layout-flex wp-container-core-columns-is-layout-9d6595d7 wp-block-columns-is-layout-flex\">\n<div class=\"wp-block-column is-layout-flow wp-block-column-is-layout-flow\" style=\"flex-basis:100%\">\n<figure class=\"wp-block-gallery has-nested-images columns-5 is-cropped wp-block-gallery-1 is-layout-flex wp-block-gallery-is-layout-flex\">\n<figure class=\"wp-block-image size-large\"><img loading=\"lazy\" decoding=\"async\" width=\"336\" height=\"316\" data-id=\"359\" src=\"https:\/\/shalonchemicalindustries.com\/wp-content\/uploads\/2026\/04\/1.Refractarios-sb.png\" alt=\"\" class=\"wp-image-359\" style=\"aspect-ratio:1\" srcset=\"https:\/\/shalonchemicalindustries.com\/wp-content\/uploads\/2026\/04\/1.Refractarios-sb.png 336w, https:\/\/shalonchemicalindustries.com\/wp-content\/uploads\/2026\/04\/1.Refractarios-sb-300x282.png 300w\" sizes=\"auto, (max-width: 336px) 100vw, 336px\" \/><\/figure>\n\n\n\n<figure class=\"wp-block-image size-large\"><img loading=\"lazy\" decoding=\"async\" width=\"305\" height=\"317\" data-id=\"358\" src=\"https:\/\/shalonchemicalindustries.com\/wp-content\/uploads\/2026\/04\/4.Horno-Fundicion-sb.jpg\" alt=\"\" class=\"wp-image-358\" style=\"aspect-ratio:1\" srcset=\"https:\/\/shalonchemicalindustries.com\/wp-content\/uploads\/2026\/04\/4.Horno-Fundicion-sb.jpg 305w, https:\/\/shalonchemicalindustries.com\/wp-content\/uploads\/2026\/04\/4.Horno-Fundicion-sb-289x300.jpg 289w\" sizes=\"auto, (max-width: 305px) 100vw, 305px\" \/><\/figure>\n\n\n\n<figure class=\"wp-block-image size-large\"><img loading=\"lazy\" decoding=\"async\" width=\"336\" height=\"316\" data-id=\"362\" src=\"https:\/\/shalonchemicalindustries.com\/wp-content\/uploads\/2026\/04\/2.Secador-sb.jpg\" alt=\"\" class=\"wp-image-362\" style=\"aspect-ratio:1\" srcset=\"https:\/\/shalonchemicalindustries.com\/wp-content\/uploads\/2026\/04\/2.Secador-sb.jpg 336w, https:\/\/shalonchemicalindustries.com\/wp-content\/uploads\/2026\/04\/2.Secador-sb-300x282.jpg 300w\" sizes=\"auto, (max-width: 336px) 100vw, 336px\" \/><\/figure>\n\n\n\n<figure class=\"wp-block-image size-large\"><img loading=\"lazy\" decoding=\"async\" width=\"337\" height=\"317\" data-id=\"361\" src=\"https:\/\/shalonchemicalindustries.com\/wp-content\/uploads\/2026\/04\/5.Horno-Agroindustria-sb.png\" alt=\"\" class=\"wp-image-361\" style=\"aspect-ratio:1\" srcset=\"https:\/\/shalonchemicalindustries.com\/wp-content\/uploads\/2026\/04\/5.Horno-Agroindustria-sb.png 337w, https:\/\/shalonchemicalindustries.com\/wp-content\/uploads\/2026\/04\/5.Horno-Agroindustria-sb-300x282.png 300w\" sizes=\"auto, (max-width: 337px) 100vw, 337px\" \/><\/figure>\n\n\n\n<figure class=\"wp-block-image size-large\"><img loading=\"lazy\" decoding=\"async\" width=\"336\" height=\"317\" data-id=\"360\" src=\"https:\/\/shalonchemicalindustries.com\/wp-content\/uploads\/2026\/04\/3.Cadero-sb.jpg\" alt=\"\" class=\"wp-image-360\" style=\"aspect-ratio:1\" srcset=\"https:\/\/shalonchemicalindustries.com\/wp-content\/uploads\/2026\/04\/3.Cadero-sb.jpg 336w, https:\/\/shalonchemicalindustries.com\/wp-content\/uploads\/2026\/04\/3.Cadero-sb-300x283.jpg 300w\" sizes=\"auto, (max-width: 336px) 100vw, 336px\" \/><\/figure>\n<\/figure>\n<\/div>\n<\/div>\n\n\n\n<p class=\"has-white-color has-text-color has-link-color wp-elements-7e4ac651328708ea719ac0894fa30934\">.<\/p>\n\n\n\n<p class=\"has-text-align-center\"><a href=\"https:\/\/api.whatsapp.com\/send?phone=51946055083&amp;text=Hola%20visit%C3%A9%20su%20p%C3%A1gina%20web%20y%20requiero%C2%A0informaci%C3%B3n\">Env\u00edanos un mensaje aqu\u00ed: <img loading=\"lazy\" decoding=\"async\" width=\"100\" height=\"100\" class=\"wp-image-66\" style=\"width: 100px;\" src=\"https:\/\/shalonchemicalindustries.com\/wp-content\/uploads\/2026\/04\/\u2014Pngtree\u2014whatsapp-logo-icon-whatsapp-logo_3703650.png\" alt=\"\" srcset=\"https:\/\/shalonchemicalindustries.com\/wp-content\/uploads\/2026\/04\/\u2014Pngtree\u2014whatsapp-logo-icon-whatsapp-logo_3703650.png 1200w, https:\/\/shalonchemicalindustries.com\/wp-content\/uploads\/2026\/04\/\u2014Pngtree\u2014whatsapp-logo-icon-whatsapp-logo_3703650-300x300.png 300w, https:\/\/shalonchemicalindustries.com\/wp-content\/uploads\/2026\/04\/\u2014Pngtree\u2014whatsapp-logo-icon-whatsapp-logo_3703650-100x100.png 100w, https:\/\/shalonchemicalindustries.com\/wp-content\/uploads\/2026\/04\/\u2014Pngtree\u2014whatsapp-logo-icon-whatsapp-logo_3703650-600x600.png 600w, https:\/\/shalonchemicalindustries.com\/wp-content\/uploads\/2026\/04\/\u2014Pngtree\u2014whatsapp-logo-icon-whatsapp-logo_3703650-1024x1024.png 1024w, https:\/\/shalonchemicalindustries.com\/wp-content\/uploads\/2026\/04\/\u2014Pngtree\u2014whatsapp-logo-icon-whatsapp-logo_3703650-150x150.png 150w, https:\/\/shalonchemicalindustries.com\/wp-content\/uploads\/2026\/04\/\u2014Pngtree\u2014whatsapp-logo-icon-whatsapp-logo_3703650-768x768.png 768w\" sizes=\"auto, (max-width: 100px) 100vw, 100px\" \/><\/a><\/p>\n\n\n\n<p><\/p>\n","protected":false},"excerpt":{"rendered":"<p>. SHALON CHEMICAL INDUSTRIES S.A.C Somos una Industria Peruana, dedicada a la fabricaci\u00f3n y comercializaci\u00f3n de REFRACTARIOS SCHEMIN, Servicios T\u00e9cnicos, Mantenimiento y Construcci\u00f3n de Equipos que trabajan con altas temperaturas &#8230;<\/p>\n","protected":false},"author":1,"featured_media":0,"parent":0,"menu_order":0,"comment_status":"closed","ping_status":"closed","template":"template-fullwidth.php","meta":{"_joinchat":[],"footnotes":""},"class_list":["post-47","page","type-page","status-publish","hentry"],"yoast_head":"<!-- This site is optimized with the Yoast SEO plugin v27.4 - https:\/\/yoast.com\/product\/yoast-seo-wordpress\/ -->\n<title>Shalon Chemical Industries S.a.C<\/title>\n<meta name=\"description\" content=\"Empresa peruana con m\u00e1s de 30 a\u00f1os atendiendo de forma permanente las necesidades de la industria del calor.\" \/>\n<meta name=\"robots\" content=\"index, follow, max-snippet:-1, max-image-preview:large, max-video-preview:-1\" \/>\n<link rel=\"canonical\" href=\"https:\/\/shalonchemicalindustries.com\/\" \/>\n<meta property=\"og:locale\" content=\"es_ES\" \/>\n<meta property=\"og:type\" content=\"article\" \/>\n<meta property=\"og:title\" content=\"Shalon Chemical Industries S.a.C\" \/>\n<meta property=\"og:description\" content=\"Empresa peruana con m\u00e1s de 30 a\u00f1os atendiendo de forma permanente las necesidades de la industria del calor.\" \/>\n<meta property=\"og:url\" content=\"https:\/\/shalonchemicalindustries.com\/\" \/>\n<meta property=\"og:site_name\" content=\"Shalon Chemical Industries S.a.C\" \/>\n<meta property=\"article:modified_time\" content=\"2026-04-10T03:09:25+00:00\" \/>\n<meta property=\"og:image\" content=\"https:\/\/shalonchemicalindustries.com\/wp-content\/uploads\/2026\/04\/1.Refractarios-sb.png\" \/>\n\t<meta property=\"og:image:width\" content=\"336\" \/>\n\t<meta property=\"og:image:height\" content=\"316\" \/>\n\t<meta property=\"og:image:type\" content=\"image\/png\" \/>\n<meta name=\"twitter:card\" content=\"summary_large_image\" \/>\n<meta name=\"twitter:label1\" content=\"Tiempo de lectura\" \/>\n\t<meta name=\"twitter:data1\" content=\"2 minutos\" \/>\n<script type=\"application\/ld+json\" class=\"yoast-schema-graph\">{\"@context\":\"https:\\\/\\\/schema.org\",\"@graph\":[{\"@type\":\"WebPage\",\"@id\":\"https:\\\/\\\/shalonchemicalindustries.com\\\/\",\"url\":\"https:\\\/\\\/shalonchemicalindustries.com\\\/\",\"name\":\"Shalon Chemical Industries S.a.C\",\"isPartOf\":{\"@id\":\"https:\\\/\\\/shalonchemicalindustries.com\\\/#website\"},\"primaryImageOfPage\":{\"@id\":\"https:\\\/\\\/shalonchemicalindustries.com\\\/#primaryimage\"},\"image\":{\"@id\":\"https:\\\/\\\/shalonchemicalindustries.com\\\/#primaryimage\"},\"thumbnailUrl\":\"https:\\\/\\\/shalonchemicalindustries.com\\\/wp-content\\\/uploads\\\/2026\\\/04\\\/1.Refractarios-sb.png\",\"datePublished\":\"2026-04-06T06:00:46+00:00\",\"dateModified\":\"2026-04-10T03:09:25+00:00\",\"description\":\"Empresa peruana con m\u00e1s de 30 a\u00f1os atendiendo de forma permanente las necesidades de la industria del calor.\",\"breadcrumb\":{\"@id\":\"https:\\\/\\\/shalonchemicalindustries.com\\\/#breadcrumb\"},\"inLanguage\":\"es\",\"potentialAction\":[{\"@type\":\"ReadAction\",\"target\":[\"https:\\\/\\\/shalonchemicalindustries.com\\\/\"]}]},{\"@type\":\"ImageObject\",\"inLanguage\":\"es\",\"@id\":\"https:\\\/\\\/shalonchemicalindustries.com\\\/#primaryimage\",\"url\":\"https:\\\/\\\/shalonchemicalindustries.com\\\/wp-content\\\/uploads\\\/2026\\\/04\\\/1.Refractarios-sb.png\",\"contentUrl\":\"https:\\\/\\\/shalonchemicalindustries.com\\\/wp-content\\\/uploads\\\/2026\\\/04\\\/1.Refractarios-sb.png\",\"width\":336,\"height\":316},{\"@type\":\"BreadcrumbList\",\"@id\":\"https:\\\/\\\/shalonchemicalindustries.com\\\/#breadcrumb\",\"itemListElement\":[{\"@type\":\"ListItem\",\"position\":1,\"name\":\"Portada\",\"item\":\"https:\\\/\\\/shalonchemicalindustries.com\\\/\"},{\"@type\":\"ListItem\",\"position\":2,\"name\":\"Inicio\"}]},{\"@type\":\"WebSite\",\"@id\":\"https:\\\/\\\/shalonchemicalindustries.com\\\/#website\",\"url\":\"https:\\\/\\\/shalonchemicalindustries.com\\\/\",\"name\":\"Shalon Chemical Industries S.a.C\",\"description\":\"\",\"publisher\":{\"@id\":\"https:\\\/\\\/shalonchemicalindustries.com\\\/#organization\"},\"potentialAction\":[{\"@type\":\"SearchAction\",\"target\":{\"@type\":\"EntryPoint\",\"urlTemplate\":\"https:\\\/\\\/shalonchemicalindustries.com\\\/?s={search_term_string}\"},\"query-input\":{\"@type\":\"PropertyValueSpecification\",\"valueRequired\":true,\"valueName\":\"search_term_string\"}}],\"inLanguage\":\"es\"},{\"@type\":\"Organization\",\"@id\":\"https:\\\/\\\/shalonchemicalindustries.com\\\/#organization\",\"name\":\"Shalon Chemical Industries S.a.C\",\"url\":\"https:\\\/\\\/shalonchemicalindustries.com\\\/\",\"logo\":{\"@type\":\"ImageObject\",\"inLanguage\":\"es\",\"@id\":\"https:\\\/\\\/shalonchemicalindustries.com\\\/#\\\/schema\\\/logo\\\/image\\\/\",\"url\":\"https:\\\/\\\/shalonchemicalindustries.com\\\/wp-content\\\/uploads\\\/2026\\\/04\\\/cropped-logo.png\",\"contentUrl\":\"https:\\\/\\\/shalonchemicalindustries.com\\\/wp-content\\\/uploads\\\/2026\\\/04\\\/cropped-logo.png\",\"width\":163,\"height\":89,\"caption\":\"Shalon Chemical Industries S.a.C\"},\"image\":{\"@id\":\"https:\\\/\\\/shalonchemicalindustries.com\\\/#\\\/schema\\\/logo\\\/image\\\/\"}}]}<\/script>\n<!-- \/ Yoast SEO plugin. -->","yoast_head_json":{"title":"Shalon Chemical Industries S.a.C","description":"Empresa peruana con m\u00e1s de 30 a\u00f1os atendiendo de forma permanente las necesidades de la industria del calor.","robots":{"index":"index","follow":"follow","max-snippet":"max-snippet:-1","max-image-preview":"max-image-preview:large","max-video-preview":"max-video-preview:-1"},"canonical":"https:\/\/shalonchemicalindustries.com\/","og_locale":"es_ES","og_type":"article","og_title":"Shalon Chemical Industries S.a.C","og_description":"Empresa peruana con m\u00e1s de 30 a\u00f1os atendiendo de forma permanente las necesidades de la industria del calor.","og_url":"https:\/\/shalonchemicalindustries.com\/","og_site_name":"Shalon Chemical Industries S.a.C","article_modified_time":"2026-04-10T03:09:25+00:00","og_image":[{"width":336,"height":316,"url":"https:\/\/shalonchemicalindustries.com\/wp-content\/uploads\/2026\/04\/1.Refractarios-sb.png","type":"image\/png"}],"twitter_card":"summary_large_image","twitter_misc":{"Tiempo de lectura":"2 minutos"},"schema":{"@context":"https:\/\/schema.org","@graph":[{"@type":"WebPage","@id":"https:\/\/shalonchemicalindustries.com\/","url":"https:\/\/shalonchemicalindustries.com\/","name":"Shalon Chemical Industries S.a.C","isPartOf":{"@id":"https:\/\/shalonchemicalindustries.com\/#website"},"primaryImageOfPage":{"@id":"https:\/\/shalonchemicalindustries.com\/#primaryimage"},"image":{"@id":"https:\/\/shalonchemicalindustries.com\/#primaryimage"},"thumbnailUrl":"https:\/\/shalonchemicalindustries.com\/wp-content\/uploads\/2026\/04\/1.Refractarios-sb.png","datePublished":"2026-04-06T06:00:46+00:00","dateModified":"2026-04-10T03:09:25+00:00","description":"Empresa peruana con m\u00e1s de 30 a\u00f1os atendiendo de forma permanente las necesidades de la industria del calor.","breadcrumb":{"@id":"https:\/\/shalonchemicalindustries.com\/#breadcrumb"},"inLanguage":"es","potentialAction":[{"@type":"ReadAction","target":["https:\/\/shalonchemicalindustries.com\/"]}]},{"@type":"ImageObject","inLanguage":"es","@id":"https:\/\/shalonchemicalindustries.com\/#primaryimage","url":"https:\/\/shalonchemicalindustries.com\/wp-content\/uploads\/2026\/04\/1.Refractarios-sb.png","contentUrl":"https:\/\/shalonchemicalindustries.com\/wp-content\/uploads\/2026\/04\/1.Refractarios-sb.png","width":336,"height":316},{"@type":"BreadcrumbList","@id":"https:\/\/shalonchemicalindustries.com\/#breadcrumb","itemListElement":[{"@type":"ListItem","position":1,"name":"Portada","item":"https:\/\/shalonchemicalindustries.com\/"},{"@type":"ListItem","position":2,"name":"Inicio"}]},{"@type":"WebSite","@id":"https:\/\/shalonchemicalindustries.com\/#website","url":"https:\/\/shalonchemicalindustries.com\/","name":"Shalon Chemical Industries S.a.C","description":"","publisher":{"@id":"https:\/\/shalonchemicalindustries.com\/#organization"},"potentialAction":[{"@type":"SearchAction","target":{"@type":"EntryPoint","urlTemplate":"https:\/\/shalonchemicalindustries.com\/?s={search_term_string}"},"query-input":{"@type":"PropertyValueSpecification","valueRequired":true,"valueName":"search_term_string"}}],"inLanguage":"es"},{"@type":"Organization","@id":"https:\/\/shalonchemicalindustries.com\/#organization","name":"Shalon Chemical Industries S.a.C","url":"https:\/\/shalonchemicalindustries.com\/","logo":{"@type":"ImageObject","inLanguage":"es","@id":"https:\/\/shalonchemicalindustries.com\/#\/schema\/logo\/image\/","url":"https:\/\/shalonchemicalindustries.com\/wp-content\/uploads\/2026\/04\/cropped-logo.png","contentUrl":"https:\/\/shalonchemicalindustries.com\/wp-content\/uploads\/2026\/04\/cropped-logo.png","width":163,"height":89,"caption":"Shalon Chemical Industries S.a.C"},"image":{"@id":"https:\/\/shalonchemicalindustries.com\/#\/schema\/logo\/image\/"}}]}},"_links":{"self":[{"href":"https:\/\/shalonchemicalindustries.com\/index.php\/wp-json\/wp\/v2\/pages\/47","targetHints":{"allow":["GET"]}}],"collection":[{"href":"https:\/\/shalonchemicalindustries.com\/index.php\/wp-json\/wp\/v2\/pages"}],"about":[{"href":"https:\/\/shalonchemicalindustries.com\/index.php\/wp-json\/wp\/v2\/types\/page"}],"author":[{"embeddable":true,"href":"https:\/\/shalonchemicalindustries.com\/index.php\/wp-json\/wp\/v2\/users\/1"}],"replies":[{"embeddable":true,"href":"https:\/\/shalonchemicalindustries.com\/index.php\/wp-json\/wp\/v2\/comments?post=47"}],"version-history":[{"count":45,"href":"https:\/\/shalonchemicalindustries.com\/index.php\/wp-json\/wp\/v2\/pages\/47\/revisions"}],"predecessor-version":[{"id":546,"href":"https:\/\/shalonchemicalindustries.com\/index.php\/wp-json\/wp\/v2\/pages\/47\/revisions\/546"}],"wp:attachment":[{"href":"https:\/\/shalonchemicalindustries.com\/index.php\/wp-json\/wp\/v2\/media?parent=47"}],"curies":[{"name":"wp","href":"https:\/\/api.w.org\/{rel}","templated":true}]}}